120001221?
-212210101
In base 8, what is 1135324 + 764?
1136310
In base 3, what is -10100111 + 102000201?
21200020
In base 5, what is 1 - 232421242?
-232421241
In base 3, what is 12122210000 + -111101?
12122021122
In base 6, what is -35533002 + 1424?
-35531134
In base 2, what is 101100010000011100 - 101111?
101100001111101101
In base 2, what is 111000111000 + -1001101100011111?
-1000110011100111
In base 16, what is 20b159 + 5?
20b15e
In base 4, what is -100332 + 2111030233?
2110323301
In base 6, what is -1 + 2011440524?
2011440523
In base 16, what is 2f + 13a42f?
13a45e
In base 2, what is -11000111101 - -100111100110?
1110101001
In base 5, what is 143201 + 120134?
313340
In base 10, what is 26555099 - -3?
26555102
In base 9, what is 47883 - 2843?
45040
In base 12, what is -8229 + -271a2?
-3340b
In base 7, what is 0 - 3543542?
-3543542
In base 15, what is -20e + 29d4?
27c5
In base 2, what is 1111011 - 111011101100011110?
-111011101010100011
In base 10, what is -11168725 - -2?
-11168723
In base 16, what is -c8c - -1663?
9d7
In base 3, what is 212001121001 - -110?
212001121111
In base 10, what is 1424063083 - 0?
1424063083
In base 2, what is -11111101000100011 - -1101?
-11111101000010110
In base 10, what is -1612 - -12482?
10870
In base 2, what is -111101000010011010110 + -101010?
-111101000010100000000
In base 5, what is 442 + -4103430?
-4102433
In base 8, what is 165113 - -246?
165361
In base 11, what is 3871 - -19180?
21a41
In base 12, what is 552a2 + -41?
55261
In base 10, what is 16038 + 42946?
58984
In base 4, what is -2012 - -212221003?
212212331
In base 3, what is 12000122220020 - 2?
12000122220011
In base 13, what is -2957a3 - -18?
-295788
In base 4, what is 33303010012 + -11?
33303010001
In base 10, what is -34 + -5581635?
-5581669
In base 15, what is -165c970 + -2?
-165c972
In base 7, what is 0 + 1262461151?
1262461151
In base 2, what is -111011 + 1011110100111010000?
1011110100110010101
In base 9, what is -10 + -3208861?
-3208871
In base 9, what is 10585574 - 18?
10585555
In base 15, what is -1ec59 - b3?
-1ed1c
In base 11, what is -1324 - -8248?
6a24
In base 15, what is 31 - -1b9c8?
1ba09
In base 9, what is 2 - 1170374?
-1170372
In base 2, what is 11100010 + 1010010101000001?
1010011000100011
In base 3, what is 2020021 - 122020002?
-112222211
In base 2, what is 1000 - 11000011100001101111100?
-11000011100001101110100
In base 6, what is 103 + -34305204?
-34305101
In base 16, what is 58bf022 + 2?
58bf024
In base 14, what is -4c45 - -2534?
-2711
In base 3, what is 102 + -1011021011110?
-1011021011001
In base 2, what is -100 - -1000111011010111111110?
1000111011010111111010
In base 10, what is 18 + 1962682?
1962700
In base 15, what is -6 - -a6836?
a6830
In base 12, what is 1a243 - -9?
1a250
In base 4, what is 10101011 - 100211?
10000200
In base 6, what is 2302011131 - -3?
2302011134
In base 10, what is -10 - -1166493?
1166483
In base 10, what is -7328 - -1215?
-6113
In base 14, what is a9629 - 25?
a9604
In base 15, what is -e8 + -3a93?
-3b8b
In base 4, what is 2120003 + 103120?
2223123
In base 5, what is 202134413 + -2002?
202132411
In base 12, what is -3ab0 - -71a8?
32b8
In base 12, what is -11b43b31 + 5?
-11b43b28
In base 14, what is -4 - 1668541?
-1668545
In base 13, what is 961 - -246ab?
2533c
In base 2, what is 1010001000100011 - 101001110111?
1001011110101100
In base 10, what is -8213 + -2738?
-10951
In base 11, what is 3 + 75a52224?
75a52227
In base 4, what is 100002 + 1323002?
2023010
In base 2, what is 1111100001010 - -1111101000110?
11111001010000
In base 3, what is 12001201211 + -11200220?
11220000221
In base 3, what is 1021211222110221 + -1?
1021211222110220
In base 12, what is 7 + 3086b294?
3086b29b
In base 2, what is -101 + -1100010111101001100101011110?
-1100010111101001100101100011
In base 14, what is 5a21d + -6?
5a217
In base 3, what is 121202000 - 120222220?
202010
In base 7, what is 15 + 464636443?
464636461
In base 7, what is 4466561021 - 4?
4466561014
In base 3, what is 1011 - -2122011222?
2122020010
In base 5, what is 311 + -144240?
-143424
In base 14, what is 20c324 - c8?
20c23a
In base 7, what is -1 - 1641640101?
-1641640102
In base 10, what is -838 + -14211?
-15049
In base 12, what is 0 - 138bab8?
-138bab8
In base 6, what is -131514 + 20435?
-111035
In base 2, what is -110010011001110110110 + 1101111?
-110010011001101000111
In base 3, what is 10100210 - 1101011202?
-1020210222
In base 2, what is 100100001 - -110101101100100101?
110101110001000110
In base 13, what is 36ba2b6 + -5?
36ba2b1
In base 3, what is -121112110 + 12002022?
-102110011
In base 16, what is -152f04 - -9?
-152efb
In base 7, what is 6524 - 20513?
-10656
In base 7, what is 541661 - -265?
542256
In base 5, what is -240 - -122331304?
122331014
In base 6, what is -3 + -335053352?
-335053355
In base 6, what is -122 + 35310431?
35310305
In base 9, what is -4 + 1212824?
1212820
In base 3, what is -10 - -1002220222012221?
1002220222012211
In base 11, what is 4960092 - -16?
49600a8
In base 16, what is -461 + 14a97?
14636
In base 5, what is 332 - -10040324123?
10040330010
In base 10, what is -26 - -95477?
95451
In base 9, what is -15148 - -57?
-15081
In base 10, what is -1349646 + 8?
-1349638
In base 15, what is b4d7c3 - -6?
b4d7c9
In base 10, what is -64835 - -1332?
-63503
In base 11, what is 2373 + -159074?
-156801
In base 3, what is -10021220111 + -100?
-10021220211
In base 12, what is -842883 + -1?
-842884
In base 13, what is -2a162c6 - 3?
-2a162c9
In base 9, what is 40300 - 4846?
34343
In base 14, what is -76 - 22945?
-229bb
In base 3, what is -1201012 + -100220120?
-102121202
In base 16, what is 2 + -1fe7a0b?
-1fe7a09
In base 12, what is 26b51 + b8?
27049
In base 8, what is -6510447 + -42?
-6510511
In base 4, what is 10 - -10312221121?
10312221131
In base 12, what is -109 + -10728a?
-107397
In base 15, what is 121de + 39?
12228
In base 11, what is 63 + 36431?
36494
In base 8, what is 1164225 + 2?
1164227
In base 16, what is -70 - 68a2?
-6912
In base 5, what is -4414010243 + -1?
-4414010244
In base 2, what is 111 + 10110011001011001001011?
10110011001011001010010
In base 4, what is -12230 - 1203232000?
-1203310230
In base 5, what is -22033210001 - -2?
-22033204444
In base 7, what is 12 - -21315321?
21315333
In base 16, what is 3b63b - -68?
3b6a3
In base 2, what is 0 - -101111110000000101110?
101111110000000101110
In base 11, what is 0 - -6257094?
6257094
In base 8, what is -342266 + -215?
-342503
In base 10, what is 2606 + 5001?
7607
In base 15, what is -5615 - 36a?
-5980
In base 15, what is -3 - -112a1ee?
112a1eb
In base 3, what is -1 - -100012111010001?
100012111010000
In base 8, what is 23134620 - 31?
23134567
In base 3, what is 211101212222221 - 122?
211101212222022
In base 15, what is 2c6 + 2a2e?
2d05
In base 16, what is -12f04091 - -5?
-12f0408c
In base 7, what is 201235052 - 15?
201235034
In base 11, what is 208568 + 1a8?
208765
In base 2, what is -11 - 11011001100001111110001?
-11011001100001111110100
In base 13, what is -1c8523 - 41?
-1c8564
In base 8, what is -7401164 - 1?
-7401165
In base 14, what is -5 + 16a3b0ac?
16a3b0a7
In base 2, what is -101101 - -10001111011000001011111?
10001111011000000110010
In base 12, what is -1910 - 808?
-2518
In base 11, what is -326aa + -67?
-32766
In base 7, what is 25 + 241152426?
241152454
In base 12, what is -82163 - -a7?
-82078
In base 12, what is -6505 - -668?
-5a59
In base 6, what is 1505040551 + -2?
1505040545
In base 3, what is -201 - -101000112120122?
101000112112221
In base 8, what is -6517114 - -5?
-6517107
In base 5, what is 213 + -11243142210?
-11243141442
In base 15, what is -25e5e - a5?
-26014
In base 14, what is 34b - -a66d2?
a6a3d
In base 5, what is 24 + 1443420?
1443444
In base 12, what is -4 - 105851?
-105855
In base 5, what is -100201 + 1100140?
444434
In base 15, what is -56c0275 - 8?
-56c027d
In base 6, what is -5 - 15021231051?
-15021231100
In base 3, what is -122002 - -10000000?
2100221
In base 9, what is 7268 - 258?
7010
In base 4, what is -2203321 + 1001?
-2202320
In base 2, what is 101 - -1111101001100110000?
1111101001100110101
In base 9, what is 4604 + 4830?
10534
In base 15, what is 252ac - d7?
251c5
In base 2, what is 100110110 - -1000100100001010?
1000101001000000
In base 